s of (3/(-6))/(i/60).
2, 5
Let b = -53 + 95. List the prime factors of b.
2, 3, 7
Let l(d) = -2*d. Let t be l(5). Suppose -4*o - 10 = k, -o - 4 = 4*k - 3*k. Let s = k - t. What are the prime factors of s?
2
Let v = 2 + 137. What are the prime factors of v?
139
Let o(k) = k**3 - 3*k**2 - 3*k - 4. Suppose 4*i + v = 3*i, -3*v - 28 = -4*i. Let l be o(i). Suppose -2*n - 22 = -4*m - l, n = 5. List the prime factors of m.
2
Let s be 2*(-1)/8*-4. Let y(g) = 18*g**2 - 3*g + 1. List the prime factors of y(s).
2
Suppose -d + 0 = -4. Let p(t) be the second derivative of -t**5/20 + t**4/3 + t**3/3 - 3*t**2/2 - 2*t. What are the prime factors of p(d)?
5
Suppose 3*v - p = -3*p + 29, -31 = -5*v + p. Suppose v*s = 5*s + 28. Suppose -o - m + s = -0*o, 0 = m - 1. List the prime factors of o.
13
Let v(z) be the first derivative of z**3/3 + 2*z**2 - 5*z - 1. List the prime factors of v(-6).
7
Suppose 86 = 5*r - 84. What are the prime factors of r?
2, 17
What are the prime factors of (-2)/6 - 82/(-3)?
3
Suppose 2*c = -2 - 10. List the prime factors of (-2)/c + 80/12.
7
Let n = 22 + -10. Suppose 4*q = -5*k - 4, 0*k + 3*k - 5 = 5*q. Suppose -j + 0*z + z = -n, -j - 3*z + 28 = k. List the prime factors of j.
2
Let u = 8 + -5. Suppose p - 4 = -u*s, 5*p - 2*s - 54 = -0*s. List the prime factors of p.
2, 5
Let b be 11/3 - (-2)/(-3). Let j(m) = b*m - 1 - 15*m**2 + 4 + 14*m**2. What are the prime factors of j(3)?
3
Let f = 28 + 63. Let k = f - 35. What are the prime factors of k?
2, 7
Let l = 1 + 11. Suppose -9 - l = -t. Let w = t + -3. What are the prime factors of w?
2, 3
Let d be (-78)/(-15) - 4/20. Suppose 23 = d*r - 3*r + 5*l, -r + 7 = l. Suppose -r*b = -2*j + 38, -j + 60 = 4*j - 3*b. List the prime factors of j.
3
Let z(d) = d + 0 - 1 + 0 + d**2. List the prime factors of z(-3).
5
Let f(i) = -i**2 + 9*i + 10. Let o be f(8). Suppose 2*c - 12 = -l + o, -4*l = 5*c - 75. List the prime factors of c.
3, 5
Suppose -p - 60 = -6*p. Suppose -2*u = -2*t - p, 2*u + 5*t - 17 = 2*t. List the prime factors of u.
7
Let b = 23 - 13. Suppose -b*n = -11*n + 35. List the prime factors of n.
5, 7
Suppose -5 - 49 = -2*w. Let i = w - 11. List the prime factors of i.
2
List the prime factors of (0 - -32)/2 - 3.
13
Suppose 3*b - 12 = b. List the prime factors of (14/b)/(6/18).
7
Suppose -5*s = -0*s - 260. Suppose x - 2*o + 7 + 3 = 0, -4*x - 4*o = s. Let l = 27 + x. List the prime factors of l.
3, 5
Let q(v) = -v**2 + 9*v - 6. Let l be q(8). Suppose 22 = 4*u + 3*h - h, u - 7 = -l*h. What are the prime factors of u?
5
Suppose 0 = 4*o - 4. List the prime factors of ((5 + o)*-3)/(-2).
3
Let p(c) be the third derivative of -c**4/6 - c**3 - 3*c**2. What are the prime factors of p(-2)?
2
Let p(z) = -z**2 + 3*z + 2. Suppose 0 = 4*s + 5*j - 38, 0*s = 4*s - 2*j - 24. Let q be p(s). Let w = q - -38. What are the prime factors of w?
2, 3
Suppose -g = -6*g + 15. Suppose -3*j = 2*b + g*b - 35, -j = 4*b. List the prime factors of j.
2, 5
Let f(a) = -a**3 + 5*a**2 - 6*a + 6. Let t be f(4). Let l(n) be the first derivative of 2*n**3/3 + n**2 - 2*n + 1. List the prime factors of l(t).
2
Suppose 188 = 3*d + d. Let v = d - 24. List the prime factors of v.
23
Let n = -17 + 12. Let i(y) = 2*y + 2. Let k be i(n). Let t = k - -17. List the prime factors of t.
3
What are the prime factors of (-12)/(-20) + (-224)/(-10)?
23
Let n = -20 + 55. What are the prime factors of n?
5, 7
Suppose -4*j + 2*j + 3*r + 57 = 0, r + 30 = j. List the prime factors of j.
3, 11
Suppose 3*s - 14 = 82. What are the prime factors of s?
2
Let p(j) = -j**2 + 9*j + 3. Let v be p(6). Suppose -4*b = 3*i - 26, 0 = -4*b + v - 1. What are the prime factors of i/(-12) + (-67)/(-6)?
11
Let s = 2 - -1. Let t = 2 + s. List the prime factors of t.
5
Let l = 6 - 4. Let p(v) = l*v**2 - 3 - 5*v + 8 - 2*v**2 - v**2. List the prime factors of p(-5).
5
Let o(t) = -t**2 + 8*t - 10. Let l be o(7). Let x = l - -3. Suppose -2*f + 6*f - 12 = x. What are the prime factors of f?
3
Suppose -7*o + 206 + 291 = 0. What are the prime factors of o?
71
Let v(p) = p**2 - 7*p - 4. Suppose 0 = -9*r + 4*r + 40. Let y be v(r). Suppose -s + 2*s = -2*h, s + y*h = -2. What are the prime factors of s?
2
Let m(t) = t**2 + 3*t + 3. Let v be m(-2). Let r(k) = 4*k + 1. Let l be r(v). Suppose -2*s + 41 = l*u, -u - 2*s + 27 = 2*u. What are the prime factors of u?
7
Let s = -10 - -14. Suppose -o - s*l = 1, 2*o + 0*l - 50 = 5*l. List the prime factors of o.
3, 5
Let h be ((-5)/(5/4))/(-1). Suppose -h*r = -r - 21. Let i = 12 - r. List the prime factors of i.
5
Suppose 0 = -s + 3*s - 52. What are the prime factors of s?
2, 13
Let a(f) = f**2 - 5. List the prime factors of a(4).
11
Suppose 4*w - 16 = -2*y, -4*y - w = w - 8. Suppose y = -2*f + 4*f - 12. What are the prime factors of f?
2, 3
Suppose f = 1 + 3. Suppose g - 153 = -f*l - 25, -5*g = 0. List the prime factors of l.
2
Suppose -2*w = 2*g - 5*g - 561, -2*g = w - 263. List the prime factors of w.
3, 7, 13
Suppose 5*k = 4*s + 19, -5*s - 5 = -0. Suppose 4*v - k*b = 56, -3*v + 0*b - b + 29 = 0. What are the prime factors of v?
11
Let j(v) = -2*v**3 - v**2 + v. Let d be j(-3). List the prime factors of ((-2)/(-1) - -2) + d.
2, 23
Let m be (-5)/(75/(-84))*5. Suppose -4*g - m = -4*i, -2*i + 2*g + 22 = -2*g. Suppose 4*n - 41 = 2*p + p, 58 = 5*n + i*p. What are the prime factors of n?
11
Let k = 14 - 11. List the prime factors of 8*(k - 9/4).
2, 3
Suppose -2*h - 18 = 2*l, -l + h - 7 = 4*h. Let j(s) = -3*s + 5. What are the prime factors of j(l)?
5, 7
Suppose 2*b + 4*r = -b + 21, -2*b - 5*r + 14 = 0. List the prime factors of b.
7
Let w(j) be the second derivative of 13*j**3/6 - 3*j**2 + 4*j. Let o be w(5). Suppose 0*v = 5*x - 4*v - o, 18 = 2*x - 3*v. What are the prime factors of x?
3, 5
Suppose 0 = 6*q - 2*q. List the prime factors of (q + -8)*(-7)/4.
2, 7
Let y(g) = g**3 - 9*g**2 + g - 5. Let v be y(9). Suppose -v*f = -24 - 68. List the prime factors of f.
23
Let y be 3/(-2) - 21/(-6). Let f(k) = 7 - 6*k - y*k + 7*k. List the prime factors of f(-5).
2, 3
Suppose 37*c - 276 = 33*c. List the prime factors of c.
3, 23
Let w be 4 + (-3 - -1) + 0. Suppose w*l + 0*l = 2*m + 6, -m = -2*l + 8. Suppose 0 = j - 2, 0*j + 7 = l*t - 4*j. List the prime factors of t.
3
Let n(w) = -349*w**3 - w**2 - w. Let g be n(-1). What are the prime factors of g/9 - (-16)/72?
3, 13
Suppose -4*q + 2*w = 3 - 27, -5*q + 31 = -3*w. Let y = 5 + -3. Suppose -q*i + i = 4*p - 56, y*p = 5*i - 7. List the prime factors of p.
3
Suppose 5*x + 0 = -2*k + 21, 2*k = 3*x - 3. Suppose 0 = x*g - 39 + 9. List the prime factors of g.
2, 5
Let x = -285 + 486. List the prime factors of x.
3, 67
Let y(r) = r**2 + 3*r - 2. Let s be y(-2). List the prime factors of (-6)/s*(-322)/(-21).
23
Suppose -v = 2*v + 27. Let d = -6 - v. Suppose 0*p + 3*t + 28 = 5*p, 4*p + d*t - 17 = 0. What are the prime factors of p?
5
Let w(a) = 6*a - 8. Let o be w(4). Suppose -o = -3*s + 5*c, 3*s - s - c = 20. What are the prime factors of s?
2, 3
Suppose 2*x = 2*c + 12, -x + 0*c = 4*c + 19. Let u be 4 - 1 - (2 + x). Suppose 2*p - 6 = 0, -5*f = -u*p + 5*p - 40. List the prime factors of f.
5
Let p(y) = -5*y**3 - y. Suppose 4*r + 8 = -0*r. Let f be p(r). Suppose 14 = -4*w + f. What are the prime factors of w?
7
Suppose 4*c - 11 = 5*c + 4*i, 0 = -c - 2*i - 3. Suppose -o = -c*o + 76. Let r = -6 + o. What are the prime factors of r?
13
Let b(o) = -9*o + 43. What are the prime factors of b(-23)?
2, 5
Let v(x) = x**2 + 6*x - 18. Let p be v(-11). Suppose 9 = 3*y + b, -5*b - 5 - 4 = -3*y. Suppose -48 - p = -5*o + 5*c, o - y*c = 25. List the prime factors of o.
13
Suppose -2 = 3*p - p. Let d(y) = 19*y - 1. Let m be d(p). What are the prime factors of (-24)/m*(-30)/(-4)?
3
Let k(d) = d**3 + 6*d**2 + 5*d + 5. Let y = 4 + -9. Let u be k(y). What are the prime factors of (u + 2)*(-1 + 2)?
7
Let f = 7 - 14. Let s = f + 11. List the prime factors of s.
2
Suppose 0 = -g + 4*q + 1, g - 2*q - 3 = 0. What are the prime factors of g?
5
Suppose 436 = 2*f + 44. List the prime factors of f.
2, 7
What are the prime factors of 0 - 1 - (-114)/6?
2, 3
Let u(r) be the third derivative of r**6/120 - 13*r**5/60 + 2*r**3/3 - r**2. What are the prime factors of u(13)?
2
Let d(m) = -3*m**3 - 12*m**2 + 6*m - 22. Let j(s) = -2*s**3 - 8*s**2 + 4*s